atest common divisor of j and h?
18
Let z = 52 + -50. Suppose -44 = -4*y - 6*k + z*k, 0 = -4*y - 5*k + 44. What is the greatest common factor of 88 and y?
11
Suppose 2*r = 4, g - 12 + 0 = -4*r. Let a = 1 - 13. Let c = a - -13. What is the highest common factor of g and c?
1
Let n(v) = 17*v + 26. Let p be n(-11). Let f be p/14*28/(-2). Let k be 4/(-20) - f/(-5). Calculate the greatest common factor of k and 4.
4
Suppose 27 = 3*b - 162. Let n be (70/(-5))/((-6)/3). Calculate the highest common divisor of b and n.
7
Suppose 0*c = -4*c + 32. Suppose -2*s = -6*s + c. Suppose s*n + v = 3*n - 60, 5*n - v = 300. Calculate the highest common divisor of n and 15.
15
Suppose 8716 = 6*v - 8276. What is the highest common divisor of 48 and v?
48
Let y(o) = o - 2*o - 6*o - 6 + 9*o**2. Let j be y(-6). What is the greatest common divisor of 45 and j?
45
Let o(x) = -x**3 - 13*x**2 - 15*x - 26. Let h be (-52)/65 - (-56)/(-5). Let j be o(h). Let d = 18 - 8. What is the greatest common divisor of j and d?
10
Suppose -n = 5*d + 3*n + 95, -d + 2*n = 33. Let r be 5/3*(-14 - d). What is the highest common divisor of 75 and r?
15
Let f be (12/24)/(1/26). Let j be 0 - (-1)/(0 - 1). Let y = j + 66. What is the highest common factor of f and y?
13
Let t(v) = v**2 - 10*v + 23. Suppose 6*j + 5*m - 70 = j, 2*j - 5*m = 0. Let f be t(j). Calculate the highest common divisor of f and 69.
23
Let o = 10 + -7. Suppose o*d + 4 = 13. Suppose d*x + 18 = i + 6*x, 2*i - 12 = 2*x. What is the greatest common factor of i and 1?
1
Let s be 1/2 + 306/4. Suppose x - 4 = 2*y - 1, 2*x = -2*y + 18. Calculate the greatest common divisor of s and x.
7
Let v(l) = -l**3 + 7*l**2 + 6*l - 2. Let p be v(-5). Suppose -5*t + p = 3*q, -3*t + 4*q + 215 - 31 = 0. What is the highest common factor of t and 84?
28
Let w be (7*2)/((-3)/(-6)). Let s = 1303 + -1233. Calculate the greatest common divisor of w and s.
14
Suppose 3*s + 6 = 0, 0*s - s = -2*t + 54. Let v(m) = 4*m**2 - 14. Let w be v(-2). What is the highest common divisor of t and w?
2
Let w(n) = n**3 + 4*n**2 - 14*n - 3. Let x be w(-6). Suppose x*d + 99 = 12*d. Let o = -41 + 63. What is the greatest common divisor of o and d?
11
Let g be ((-12)/(-6))/(3*(-2)/(-6)). Suppose 0*j = g*j - 22. Calculate the highest common factor of 55 and j.
11
Suppose 0 = 31*b - 35*b - 8. Let q be (-81)/(-4)*6/(-9)*b. What is the greatest common divisor of q and 18?
9
Let u = 1160 - 1140. What is the greatest common factor of 440 and u?
20
Suppose -3*o - o = 0. Suppose o = 4*r - 3*r - 11. Suppose -1075*m + g + 82 = -1074*m, 5 = -g. Calculate the highest common factor of r and m.
11
Let n be 30/80*-4*(-280)/6. Suppose -4*o - 3*m + 22 = 0, 5*o - 21 = -2*m + 10. What is the greatest common divisor of o and n?
7
Suppose 0 = g - 0*g - 50. What is the highest common divisor of 10 and g?
10
Let d = 172 - 76. Let i = -154 + 295. Let g = i - d. What is the highest common factor of 9 and g?
9
Let k(t) = -11*t - 31. Let x be k(-6). What is the greatest common factor of x and 21?
7
Let d(i) = 3*i**2 - 11*i - 18. Let l(z) = 3*z + 36. Let x be l(-9). Let u be d(x). What is the greatest common factor of 14 and u?
14
Let l(b) = -b**2 + 28*b - 78. Let c be l(12). Calculate the highest common divisor of 570 and c.
114
Suppose 2*c - 855 = -743. Suppose -4*n - 3*d = -40, d - 45 = -5*n - 4*d. Suppose -n*x + 14*x - c = 0. What is the greatest common factor of 8 and x?
8
Suppose 75 = -0*g + 5*g. Let p(k) = -g*k**3 + 4*k - 3*k - 1 - 3*k - k**2. Let x be p(-1). What is the greatest common divisor of x and 5?
5
Suppose 0 = n + n - 160. Suppose -4*a + n = -0*a. Let s = 826 + -822. Calculate the greatest common divisor of a and s.
4
Suppose 5*r + 15 = 0, 4*r = 5*g - 15 - 7. Let p be -30*(2 - g - (15 - 7)). What is the greatest common factor of p and 30?
30
Suppose -15*v + 11 = -4*v. Calculate the greatest common divisor of v and 39.
1
Let y = -3 + 1. Let c(h) = -h**3 - h + 1. Let k be c(y). Suppose -12 = -d - m - 3, -2*d = -4*m - 30. What is the highest common divisor of k and d?
11
Suppose -29*p + 1505 = -24*p. What is the greatest common factor of 215 and p?
43
Let k = -1225 - -1425. Let d(c) = 11*c**2 + c - 2. Let g be d(-2). What is the greatest common factor of g and k?
40
Let f be (-16)/(-56) - (-1986)/7. What is the highest common factor of 4 and f?
4
Let b be (-3 - (-1 + 2)) + 22. Let u(c) = -3*c + 6. Let g be u(0). What is the highest common factor of g and b?
6
Let o = 189 - 188. Calculate the greatest common divisor of 53 and o.
1
Suppose -3*z + 7*g - 4*g = -18, 0 = 3*z - 2*g - 13. What is the greatest common factor of z and 17?
1
Let r = -113 - -183. Suppose 0 = i + 47 - 7. Let g = i + r. Calculate the highest common divisor of g and 10.
10
Let n = 38 - 32. Suppose -4*y = f - 77, y - n - 2 = -4*f. Calculate the highest common factor of y and 60.
20
Let a = 151 - 126. Calculate the greatest common factor of 25 and a.
25
Let r(v) = -2*v + 30. Let c be r(14). Suppose -g + 30 = 4*g. Suppose -i - 4*s - g = 4, 2*i + 3*s = 5. What is the highest common divisor of c and i?
2
Suppose -t + 3*h + 45 - 3 = 0, t = -h + 34. What is the greatest common divisor of 240 and t?
12
Suppose 0 = 7*s - 2 - 33. Suppose 0 = -s*y + 8 + 17, 5*y + 271 = b. Calculate the highest common factor of 37 and b.
37
Suppose -14*u + 16*u = 12. Suppose u*o = 16*o - 120. What is the greatest common divisor of 84 and o?
12
Let v = -108 + 76. Let i = v + 41. Suppose k - 4*a = 35, -2*k + a - 6*a = -44. What is the highest common factor of i and k?
9
Suppose 13*i - 384 = 9*i. Calculate the highest common factor of i and 6.
6
Let q be -3 + (3 - 2) + 0. Let z be q/5 + 366/15. Let j = -14 + z. What is the greatest common factor of j and 40?
10
Let a(v) = -v**2 + 4*v + 5. Let t be a(-8). Let r = -66 - t. Calculate the highest common divisor of 125 and r.
25
Suppose -12 = -3*o - 3*a, 7*a - 4*a = 3*o. Calculate the greatest common divisor of o and 254.
2
Suppose -4*x - 5*d = 2, x - 1 = 4*d + 9. Suppose 4*j = 91 + 161. Suppose 5*k - x*k = j. Calculate the highest common divisor of k and 14.
7
Let i = -589 - -649. What is the greatest common factor of i and 20?
20
Let j be (-28 + 43)*(0 + (-2)/3). Let t be 2/4 + (-1555)/j. What is the highest common factor of t and 52?
52
Suppose -5*m = -m - 24. Suppose -m*n - 52 = -8*n. What is the highest common divisor of 65 and n?
13
Let x = -208 + 229. What is the highest common divisor of 168 and x?
21
Let i = 82 + -114. Let r = 61 - i. What is the highest common divisor of 3 and r?
3
Suppose 157*t - 134*t - 464 = 985. Let c be 1/4 + (-214)/(-8). What is the highest common factor of t and c?
9
Let z(t) = -15*t + 2. Let j be z(-1). Suppose -j*m + 14*m = -69. Calculate the highest common factor of 23 and m.
23
Let w be 216/(-22) - (-12)/(-66). Let j be ((-4)/w)/(6/60). Suppose -33 + 249 = j*q. Calculate the greatest common divisor of 36 and q.
18
Let j(l) = -36*l + 12. Let v be j(3). Let c be 9/(-15) - v/10. Suppose -4*z = -184 - 104. What is the highest common divisor of c and z?
9
Let w(a) = 43*a**2 - 26*a - 44. Let k be w(-2). Calculate the greatest common factor of k and 54.
18
Suppose 3*m - 2*r = r + 114, 0 = -5*r + 20. What is the highest common factor of 350 and m?
14
Suppose 86*r - 1184 = 82*r. What is the greatest common divisor of r and 259?
37
Suppose -x - b + 661 = 0, 2*x - 9*b = -5*b + 1352. What is the highest common factor of x and 18?
18
Suppose 5*v = -v + 1302. Let s = v - 117. What is the highest common divisor of 40 and s?
20
Let i(q) = -q**3 + q. Let a(m) = 6*m**2 - 7*m + 1. Let d(s) = -a(s) - 2*i(s). Let r be d(3). What is the highest common factor of r and 35?
7
Let b be 7 - 12 - 0 - 530/(-2). Calculate the greatest common divisor of 20 and b.
20
Let l = 1708 - 1685. What is the greatest common factor of l and 1472?
23
Suppose -75 = -9*x + 4*x. Let u = x - 32. Let l = 36 + u. What is the greatest common factor of l and 171?
19
Suppose 15*c - 19*c = 40. Let o be ((-864)/(-90))/((-3)/c). What is the greatest common divisor of 16 and o?
16
Let o be 5/(5/(-4)) - (-13 - -7). Suppose 4*i = o*i + 18. Calculate the highest common divisor of i and 21.
3
Let y be (-20)/(1 - 14/10). Let c = y - 33. Suppose -3*p = a - 10, 4*a - c = -4*p - a. Calculate the highest common factor of p 